factor of 53 and 35918842.
53
What is the highest common divisor of 9838185 and 645645?
4515
What is the highest common divisor of 62796627 and 9?
9
What is the highest common factor of 760 and 1484887240?
760
Calculate the greatest common divisor of 28027387 and 197.
197
What is the greatest common divisor of 5575 and 600539?
223
What is the greatest common factor of 20971200 and 918?
102
What is the greatest common factor of 13776 and 2297476?
164
Calculate the greatest common factor of 2257 and 107055.
61
What is the highest common factor of 10625 and 188425?
25
Calculate the highest common factor of 832079 and 478.
1
Calculate the highest common divisor of 3397 and 1123398091.
3397
Calculate the greatest common divisor of 122 and 526027522.
122
What is the greatest common factor of 7749270 and 180?
90
Calculate the greatest common divisor of 358923341 and 7.
7
What is the greatest common factor of 3679 and 678161107?
3679
What is the highest common factor of 660 and 2923005?
15
Calculate the greatest common factor of 2394 and 3615738.
798
What is the highest common factor of 947 and 333534347?
947
What is the greatest common factor of 394080 and 1325094?
4926
Calculate the highest common factor of 17285728 and 96.
32
Calculate the highest common divisor of 82460 and 438251340.
11780
What is the highest common factor of 104601 and 7166487?
879
What is the greatest common divisor of 39 and 742029587?
13
Calculate the greatest common divisor of 1044 and 4509906.
174
What is the greatest common factor of 15032090 and 50?
10
What is the highest common divisor of 1456 and 6770608?
208
Calculate the greatest common factor of 6 and 26397363.
3
What is the greatest common divisor of 362550 and 4722818?
4834
What is the greatest common factor of 543840 and 2212320?
5280
Calculate the highest common divisor of 684 and 2325144.
228
Calculate the highest common factor of 30016 and 1653694.
938
Calculate the greatest common factor of 267515661 and 777.
777
Calculate the highest common divisor of 187188 and 3933.
57
Calculate the highest common divisor of 9604630 and 40.
10
What is the greatest common factor of 6039 and 1146861?
549
What is the highest common factor of 54126 and 508?
2
Calculate the highest common divisor of 581 and 14065429.
581
Calculate the highest common divisor of 9950 and 13406630.
1990
What is the highest common factor of 23338 and 448?
14
Calculate the highest common divisor of 76 and 114854183.
19
What is the highest common factor of 2310 and 6804105?
1155
Calculate the greatest common factor of 4098386 and 2418.
62
Calculate the highest common factor of 145052 and 1244.
4
What is the highest common divisor of 30984490 and 23630?
1390
What is the greatest common divisor of 33868304 and 8826?
2942
Calculate the highest common factor of 532 and 114209.
19
Calculate the greatest common divisor of 786604525 and 388.
97
What is the greatest common factor of 671970 and 51090?
390
Calculate the highest common divisor of 3316440 and 518520.
3480
Calculate the highest common divisor of 1096235144 and 46624.
11656
What is the highest common divisor of 239133 and 68256?
237
What is the greatest common factor of 15066 and 2494322?
62
Calculate the greatest common divisor of 1270800 and 37065.
5295
What is the greatest common factor of 62361 and 147313?
41
Calculate the highest common divisor of 125016394 and 244584.
6794
Calculate the highest common divisor of 581 and 529042.
83
Calculate the greatest common divisor of 33332 and 90506.
26
Calculate the highest common divisor of 712884 and 552.
12
Calculate the highest common divisor of 77560 and 1021576.
2216
What is the highest common divisor of 184 and 1806282?
46
Calculate the greatest common factor of 328 and 689418280.
328
Calculate the highest common divisor of 320 and 74466944.
64
Calculate the greatest common factor of 308137195 and 10.
5
What is the greatest common divisor of 3454106 and 50656?
3166
Calculate the greatest common divisor of 9683140 and 488.
244
Calculate the highest common divisor of 522048 and 519072.
96
What is the highest common divisor of 4 and 697366?
2
What is the greatest common divisor of 2864 and 18883784?
1432
Calculate the highest common divisor of 6440970 and 21930.
1290
Calculate the highest common divisor of 123429 and 1923.
3
What is the greatest common factor of 71550 and 28938?
318
Calculate the highest common divisor of 32433177 and 14.
7
Calculate the highest common divisor of 419390 and 18870.
170
Calculate the greatest common factor of 265490 and 259096.
278
Calculate the highest common divisor of 806288 and 18032.
2576
Calculate the greatest common divisor of 1720663 and 140287.
2863
What is the greatest common divisor of 1692 and 165504?
12
Calculate the greatest common divisor of 5535 and 748521.
27
Calculate the greatest common factor of 9031931 and 1558.
41
Calculate the greatest common factor of 7559206 and 11086.
482
What is the greatest common factor of 494659 and 405493?
2123
What is the highest common factor of 355 and 11813?
1
Calculate the greatest common factor of 471 and 38599863.
471
Calculate the highest common factor of 55546 and 256.
2
Calculate the highest common divisor of 289403838 and 278.
278
Calculate the highest common divisor of 4275590 and 1099910.
8270
Calculate the greatest common factor of 84065 and 68800.
215
Calculate the greatest common divisor of 34349032 and 24.
8
Calculate the greatest common factor of 2718 and 24644559.
453
What is the greatest common divisor of 42 and 4890711?
21
Calculate the greatest common divisor of 1163388 and 54.
6
What is the highest common divisor of 49952 and 41869142?
3122
Calculate the highest common divisor of 1184254535 and 566.
283
Calculate the greatest common divisor of 182748 and 263840.
388
What is the greatest common divisor of 17 and 487855307?
17
Calculate the highest common factor of 43 and 2956981.
43
Calculate the highest common divisor of 1692908 and 1236.
412
Calculate the highest common factor of 17 and 402426771.
17
What is the greatest common divisor of 103980 and 25620?
60
What is the highest common factor of 909568 and 229636?
748
What is the greatest common factor of 5845068 and 432?
108
Calculate the greatest common divisor of 805524 and 12768.
228
What is the greatest common divisor of 2220742 and 265558?
1058
Calculate the highest common factor of 23967 and 95785447.
2663
What is the highest common factor of 4146 and 6478125?
2073
What is the greatest common divisor of 378 and 84491883?
189
Calculate the highest common divisor of 87609828 and 12.
12
What is the greatest common factor of 428316 and 92?
4
What is the greatest common divisor of 92304 and 3452?
4
Calculate the highest common factor of 19 and 705706.
1
Calculate the greatest common factor of 15844 and 52958570.
7922
Calculate the highest common divisor of 99616 and 1056.
352
What is the highest common factor of 714 and 369894126?
714
Calculate the highest common factor of 565288784 and 8.
8
Calculate the greatest common divisor of 514519272 and 2973.
2973
What is the greatest common factor of 43364328 and 72?
24
Calculate the greatest common factor of 1948302917 and 11.
11
What is the highest common divisor of 102530 and 4120?
10
What is the highest common factor of 334470720 and 48?
48
What is the highest common divisor of 7993350 and 432?
54
Calculate the highest common factor of 11588 and 83167076.
11588
What is the greatest common divisor of 227544 and 4740?
12
Calculate the greatest common factor of 1720 and 747767420.
860
Calculate the highest common factor of 473 and 100835.
43
What is the highest common divisor of 185284 and 5632?
44
Calculate the highest common factor of 32 and 31162.
2
Calculate the greatest common factor of 87470 and 5630.
10
What is the greatest common factor of 17405 and 7179415?
295
What is the greatest common factor of 1598482 and 3784?
86
What is the greatest common factor of 911297 and 1007?
19
Calculate the highest common divisor of 847 and 8457658.
121
Calculate the highest common divisor of 473 and 3569129.
43
Calculate the highest common factor of 63019 and 176341.
187
What is the highest common factor of 76230 and 151250?
1210
Calculate the greatest co